((-1)/1)/(1/(-6)). Let r be z(m). Let u = r + 7. What is the remainder when 13 is divided by u?
3
Suppose 3*x - 4*y - 34 = 0, 25 = -x + 3*x - 5*y. Let m = 8 + x. Calculate the remainder when m is divided by 5.
3
Calculate the remainder when 28 is divided by 21 + (-7)/((-7)/(-4)).
11
Let w = -101 - -122. Calculate the remainder when w is divided by 12.
9
Let j be 4/14 + 45/(-35). What is the remainder when 2 is divided by (j/(-3))/(6/18)?
0
Let n(c) = 2*c**2 - 4*c + 9. Let f(b) = 5*b**2 - 12*b + 27. Let j(g) = -3*f(g) + 8*n(g). Calculate the remainder when j(-8) is divided by 8.
7
Suppose -5*s - 12 = 3*f, -5*s - 1 - 3 = f. Let r be (2 + 14 - s) + -2. Suppose 0 = 3*w - l - r, -w = -2*l - 3. What is the remainder when 14 is divided by w?
4
Suppose 4*d - 34 = -3*x, 5*x - 4 - 81 = -d. Calculate the remainder when 89 is divided by x.
17
Suppose 8*v - 6*v - 14 = 0. What is the remainder when 11 is divided by v?
4
Calculate the remainder when 69 is divided by -4 - (-8 + 4 + 2) - -20.
15
Let k(i) = -2*i - 5. Calculate the remainder when 2 is divided by k(-3).
0
What is the remainder when 32 is divided by 10 + (-4 - -3 - -2)?
10
Suppose 4*u = -32 - 8. Let j = -6 - u. Suppose 4 = -2*x - 0, 5*x + 21 = l. Calculate the remainder when l is divided by j.
3
Let t(m) = m**3 + 6*m**2 + 3*m + 5. What is the remainder when 95 is divided by t(-4)?
20
Let y = -15 + 32. Calculate the remainder when y is divided by 6.
5
What is the remainder when 42 is divided by (-12)/10 + 1 - 56/(-5)?
9
Let y be (20/(-15))/((-2)/3). Suppose y*o = o + 31. What is the remainder when o is divided by 11?
9
Let u be ((-3)/3)/((-2)/10). Suppose u*o - 62 = -5*t - 12, -20 = -4*o. Suppose -c + 13 = t. Calculate the remainder when 13 is divided by c.
5
Suppose -u - 4*u = -125. Suppose -7*y = -2*y - u. Suppose y*a = 3*a + 76. What is the remainder when a is divided by 20?
18
Let n(h) = h**3 + 2*h**2 - h - 1. Let b be n(-1). Let z be b/(((-3)/27)/1). Let t = -6 - z. Calculate the remainder when 8 is divided by t.
2
Suppose 5*v = 7*v - 20. What is the remainder when -1 + (39 - 0/(-2)) is divided by v?
8
Let n = 9 + -3. Let l(b) = -1 + 4*b - 3 - 1. What is the remainder when l(n) is divided by 7?
5
Let g(w) = w + 11. Let z be g(-8). Let b(r) = 3*r - 1. What is the remainder when 13 is divided by b(z)?
5
Suppose -11*k - 116 = -13*k. What is the remainder when k is divided by 20?
18
What is the remainder when 192 is divided by 1/(2/(-2)) - -2 - -14?
12
Calculate the remainder when (-8)/4 - (-1)/((-1)/(-68)) is divided by 24.
18
Suppose 4*d + f - 36 = 5*f, 5*f = -5*d + 55. What is the remainder when 45*((-1)/1 + (-8)/(-5)) is divided by d?
7
What is the remainder when (7/(-14))/(4/(-584)) is divided by 19?
16
Let a = 17 + -17. Suppose -3*d + 153 = -a*d. Calculate the remainder when d is divided by 13.
12
Suppose -4*j + 86 = 5*y, -y + 3*j = -2*y + 26. What is the remainder when 49 is divided by y?
7
Let b(t) = 12*t - 42. What is the remainder when 62 is divided by b(5)?
8
Let x(d) = -d**2 - 11*d + 2. Calculate the remainder when 23 is divided by x(-10).
11
Suppose -5*r - 4 = -2*p, 2*r - 11 = -0*p - p. Suppose -3*z + 2*z - b = 0, -z + b = -8. What is the remainder when p is divided by z?
3
Let h be (-31)/(2*1/(-2)). Calculate the remainder when (-4)/(-1 - -3) + h is divided by 8.
5
Let f(p) = -3*p + 3. What is the remainder when (138/(-18))/((-1)/3) is divided by f(-3)?
11
Let h = 4 - -1. Let m = -2 - 0. Let k = m - -5. Calculate the remainder when h is divided by k.
2
Let b(j) = 2*j**2 - 27*j - 8. What is the remainder when 110 is divided by b(15)?
36
Suppose -3*u = -5*u + 28. Calculate the remainder when 97 is divided by u.
13
Let v(p) = 7*p**2 + p. Calculate the remainder when v(-2) is divided by 7.
5
What is the remainder when (-6)/8 + (-844)/(-16) is divided by 27?
25
What is the remainder when 16 is divided by (-27)/45 + (-33)/(-5)?
4
Suppose 0 = 4*p - 8, 5*a - a = -2*p + 92. Calculate the remainder when 40 is divided by a.
18
Let j be (-4)/6*18/(-4). Suppose 0 = -j*r + 3*x + 33, -x - 13 - 9 = -2*r. Calculate the remainder when 30 is divided by r.
8
Let q = -3 - 0. Let g(w) = 4*w**2 + 3*w. Calculate the remainder when g(q) is divided by 14.
13
Suppose -5*p + 195 = -0*p. What is the remainder when p is divided by 21?
18
Let v(d) = d**2 + 14*d + 37. What is the remainder when 34 is divided by v(-13)?
10
Let r be 4/(-12) + 50/6. Suppose f = 38 - r. Suppose 0 = -4*k - 12, -4*v + 2*k = 3*k - 61. What is the remainder when f is divided by v?
14
Let i = -4 - -6. Suppose 0 = 4*g - i*t - 52, -2*t = g - 0*g - 18. Suppose 19 + 8 = j. What is the remainder when j is divided by g?
13
Let l be 196/(-10) - (-4)/(-10). Calculate the remainder when 24 is divided by 4/5 + (-164)/l.
6
Suppose g - 68 - 22 = 0. Suppose 0 = -3*i - 103 - 2. Let y = g + i. What is the remainder when y is divided by 19?
17
Let f(c) = 7*c + 1. Let d be f(-1). Let i = -10 - d. Calculate the remainder when i - (1 + -3) - -25 is divided by 8.
7
Suppose -5*a + j + 243 = -3*j, -5*a = -2*j - 239. Suppose -21 - 51 = -3*i. Calculate the remainder when a is divided by i.
23
Let h(c) = -c**2 - 7*c - 3. Let q be h(-5). Suppose 4*m - q = -3. Let f(o) = 26*o**3 - o**2. What is the remainder when f(m) is divided by 13?
12
Let f = -212 - -216. Let o(l) = 3*l**2 - 2*l - 1. Calculate the remainder when o(2) is divided by f.
3
What is the remainder when 87 is divided by ((-33)/44)/(0 - 2/48)?
15
Suppose -3*v - 4*k - 28 = -v, -2*k = 3*v + 22. Suppose 2*b = -5*g + 45 - 16, -5*g = -4*b - 17. Let t = g + v. Calculate the remainder when 1 is divided by t.
0
Let w be (-3)/1*(-1)/(-3). Suppose -3*p + 7 = -4*p + 3*h, 2*p - h = 1. Calculate the remainder when 37 is divided by (w - p)*(-13)/3.
11
Let k(m) = m. Let z be k(-2). Calculate the remainder when 54 is divided by (1 + 0)*z - -21.
16
Let p = 101 - 35. What is the remainder when p is divided by 17?
15
What is the remainder when 70/4 - (-5)/(-10) is divided by (4 + -2)*1 + 4?
5
Suppose 0*h - h = -3. Let y(c) = 3*c**2 - c - 1. What is the remainder when y(h) is divided by (-98)/(-8) - (-5)/(-20)?
11
Suppose v + 4 = 4*w, -5*w + 8 = -7. What is the remainder when 22 is divided by v?
6
Let c = -12 + 2. Suppose 0 = -l, 2*a - 30 = -2*l + 7*l. Let o = c + a. Calculate the remainder when 13 is divided by o.
3
Suppose 0 = -2*w + 1 + 3. Suppose z = -w*h + 33, -3*h + 137 = 5*z - 0*h. Let y = 28 + -19. What is the remainder when z is divided by y?
7
Suppose -2 + 6 = -2*b. Suppose -5*n + 68 = -7. Let x = n - b. What is the remainder when x is divided by 6?
5
Suppose 0 = 6*r + 17 + 7. What is the remainder when 0 - 12/(r + 0) is divided by 3?
0
Let t(w) = w**3 + 14*w**2 - 16*w + 8. Let s = -36 - -21. Calculate the remainder when t(s) is divided by 12.
11
Let v(w) = -w**3 + 4*w**2 + 7*w - 4. What is the remainder when 8 is divided by v(5)?
2
What is the remainder when 57 is divided by (-1 - 2) + 46/2?
17
Suppose -54 = -5*u + 11. Calculate the remainder when 25 is divided by u.
12
Let r(b) = 2*b + 7. Let z be r(-6). Let j be -2*1 - (z + -19). Let m = 1 + j. Calculate the remainder when m is divided by 8.
7
Calculate the remainder when ((-15)/(-3) - 2) + 9*4 is divided by 10.
9
Let b(g) = 3*g. Let l(d) = -d - 4. Let f be l(-7). What is the remainder when (-1 + 2)*2*8 is divided by b(f)?
7
Let t(h) = 3*h**2 - 4*h - 1. Let y = -36 - -63. What is the remainder when y is divided by t(3)?
13
Suppose 5*x - 4*q = 144, 4*q - 18 - 6 = -x. What is the remainder when 55 is divided by x?
27
Suppose 0 = 5*n - 2*b - 124, 0 = -2*n - 2*n - b + 107. Let y = n - 6. Suppose -m - 4*m = y, -3*m - 6 = d. What is the remainder when 22 is divided by d?
4
Let u be (6/4)/(12/16). Suppose -a + 39 = -u*n + 6, 0 = 5*a - 2*n - 189. What is the remainder when a is divided by 20?
19
Let o(s) = 5*s - 2. Let n(r) = 2*r**2 + 2*r - 1. Suppose 3 = -5*h - 4*v + 5, -v = -5*h - 13. Let w be n(h). What is the remainder when 24 is divided by o(w)?
11
Suppose 0 = 2*y + 4*o - 60, 3*y - 3*o - o = 120. Calculate the remainder when y is divided by 10.
6
Let a be 8/(-12) - (-22)/6. Suppose -a*r + 7*r = 16. Suppose -5*y - 9 + 44 = 0. What is the remainder when y is divided by r?
3
Calculate the remainder when (-396)/(-10) + 15/(-25) is divided by 8.
7
Calculate the rem